.
149
Let n(y) = 33643*y + 1413012. Give n(-42).
6
Let b(g) = -g**2 - 236*g + 22933. Determine b(74).
-7
Let p(g) = -412*g + 167274. Give p(406).
2
Let p(u) = 25*u + 136. Give p(25).
761
Let w(t) = 387*t - 99837. Give w(258).
9
Let r(v) = -799*v + 48801. Give r(58).
2459
Let z(n) = n**3 + 59*n**2 + 194*n + 1138. Give z(-56).
-318
Let k(l) = 20069*l + 2508622. Give k(-125).
-3
Let w(a) = -53*a - 610. Give w(-6).
-292
Let x(r) = r**3 + 171*r**2 + 7130*r + 6060. What is x(-101)?
0
Let c(m) = -2*m**2 + 132*m + 20668. What is c(-74)?
-52
Let h(g) = -196*g + 40671. Determine h(206).
295
Let n(x) = 4*x**2 - 5716*x - 34432. Determine n(-6).
8
Let b(i) = i**3 + 16*i**2 - 2931*i - 17930. Give b(-6).
16
Let h(q) = 41*q**2 + 3061*q - 9183. Give h(3).
369
Let y(m) = -150004*m + 9900267. Calculate y(66).
3
Let o(y) = y**3 - 9*y**2 - 43*y - 135. What is o(-5)?
-270
Let g(p) = -371*p + 9983. What is g(28)?
-405
Let s(v) = -1813322*v - 10879942. Determine s(-6).
-10
Let v(n) = -15*n**3 - 166*n**2 - 22*n + 65. Determine v(-11).
186
Let o(u) = -2*u**3 + 383*u**2 - 1613*u - 13109. What is o(187)?
-19
Let u(x) = -28*x**3 + 766*x**2 - 269*x - 32. Calculate u(27).
-5
Let o(w) = 8*w**3 + 104*w**2 + 18*w - 19. What is o(-12)?
917
Let p(x) = 13385*x + 615735. Give p(-46).
25
Let r(f) = 6698*f - 6808. Calculate r(1).
-110
Let h(c) = c**3 - 24*c**2 + 153*c - 52. Give h(15).
218
Let t(p) = 776*p - 8932. What is t(12)?
380
Let g(j) = -124*j**2 - 9649*j + 42566. Give g(-82).
8
Let y(d) = -29*d**2 + 562*d - 882. Give y(18).
-162
Let j(p) = -588*p**2 - 2384*p + 24. Determine j(-4).
152
Let d(n) = -153*n + 2361. Determine d(18).
-393
Let w(v) = 4953*v + 113862. What is w(-23)?
-57
Let y(p) = -4*p**3 + 21*p**2 + 8*p + 17. What is y(8)?
-623
Let t(o) = 1066644*o + 23466168. What is t(-22)?
0
Let f(b) = b**3 + 21*b**2 + 69*b + 1450. Calculate f(-21).
1
Let u(z) = 5*z**3 + 83*z**2 + 742*z + 15613. What is u(-18)?
-11
Let j(b) = 4436*b + 4495. Determine j(-1).
59
Let a(j) = 2*j**3 - 120*j**2 + 24*j + 12068. Determine a(58).
4
Let s(i) = -2*i**3 - 34*i**2 + 30*i + 277. Determine s(-15).
-1073
Let l(p) = -190095*p + 3611809. Calculate l(19).
4
Let w(h) = -3*h**3 - 1707*h**2 - 87562*h - 5126. What is w(-512)?
-6
Let z(k) = -5*k**3 + 62*k**2 + 8287*k - 273. Calculate z(-35).
7
Let b(d) = -d**2 - 30*d + 927. Calculate b(47).
-2692
Let x(a) = 39*a**3 - 189*a**2 + 808*a - 4202. What is x(5)?
-12
Let i(v) = v**3 - 9*v**2 + 41631*v - 332972. Calculate i(8).
12
Let a(c) = 12*c**2 + 190*c + 2414. Determine a(-15).
2264
Let b(u) = u**2 - 18981*u + 682021. Give b(36).
1
Let h(q) = -114*q**2 - 1728*q - 1892. What is h(-14)?
-44
Let q(g) = -g**3 - 17*g**2 + 53*g + 315. Give q(-7).
-546
Let w(x) = x**2 + 243*x + 6022. Determine w(-28).
2
Let z(c) = -c**3 + 65*c**2 - 774*c + 3097. Give z(51).
37
Let a(c) = -17634*c - 123485. Give a(-7).
-47
Let t(l) = -l**3 + 22*l**2 - 42*l + 669. Calculate t(24).
-1491
Let l(d) = -3*d**2 - 44187*d - 794394. Calculate l(-18).
0
Let f(v) = -674988*v + 10124809. Calculate f(15).
-11
Let m(p) = 6*p**2 - 49*p - 128. Calculate m(12).
148
Let q(x) = 2*x**3 - 9*x**2 - 77*x - 851. Determine q(-9).
-2345
Let p(l) = -l**3 + 104*l**2 + 164*l - 6362. Calculate p(105).
-167
Let j(h) = 46*h - 2416. Give j(53).
22
Let m(s) = 36449*s + 1348611. What is m(-37)?
-2
Let j(k) = 184*k + 9809. Determine j(-46).
1345
Let q(o) = 18*o**2 - 816*o - 814. What is q(-1)?
20
Let t(v) = 288*v**2 + 3740*v + 16. What is t(-13)?
68
Let z(h) = 3*h**3 + h**2 - 184*h - 485. Calculate z(-3).
-5
Let r(f) = f**3 - 38*f**2 + 70*f - 1281. Give r(37).
-60
Let i(s) = s**3 + 899*s**2 - 29789*s + 2800. Give i(-931).
7
Let b(p) = 3952*p - 478001. What is b(121)?
191
Let v(a) = -15*a**3 + 1296*a**2 - 6559*a - 164. What is v(81)?
-2
Let m(p) = -p**3 - 128*p**2 - 164*p - 37588. Give m(-129).
209
Let m(j) = 64497*j - 64523. What is m(1)?
-26
Let d(s) = 325*s**2 + 3546*s - 332. What is d(-11)?
-13
Let n(h) = 6116*h + 226295. Calculate n(-37).
3
Let l(x) = -17644*x - 670700. What is l(-38)?
-228
Let h(m) = 42*m - 1452. Give h(23).
-486
Let j(b) = 794*b - 2155. Determine j(3).
227
Let x(d) = 6635*d + 12910. Give x(-2).
-360
Let o(a) = a**2 - 2136*a + 1134532. Give o(990).
-8
Let i(f) = 54*f**2 - 20616*f - 20615. Calculate i(-1).
55
Let h(t) = t**3 - 15*t**2 - 154*t + 287. Give h(22).
287
Let q(z) = 18*z**2 + 346*z - 691. Calculate q(2).
73
Let w(r) = 1218*r - 1353. Calculate w(2).
1083
Let p(g) = -27251*g + 17059123. Calculate p(626).
-3
Let x(j) = -1162*j + 13732. Calculate x(12).
-212
Let a(f) = 4*f**3 - 55*f**2 + 184*f - 52. Give a(8).
-52
Let b(k) = k**2 - 556*k - 8843. Give b(571).
-278
Let g(u) = -34*u**2 + 586*u - 1370. Determine g(15).
-230
Let y(b) = 7*b**2 - 3887*b - 31355. Determine y(-8).
189
Let g(s) = 6*s**3 + 18*s**2 - 76*s + 79. Give g(3).
175
Let s(b) = 6379*b + 57506. Determine s(-9).
95
Let v(c) = c**3 + 307*c**2 - 613*c + 1540. Give v(-309).
-5
Let f(b) = -558*b + 6282. Determine f(11).
144
Let q(i) = 392*i**2 - 8616*i - 155. Calculate q(22).
21
Let h(m) = -m**3 + 109*m**2 - 42126*m + 4591735. Calculate h(109).
1
Let v(r) = -r**3 - 560*r**2 - 1157*r - 22854. Determine v(-558).
24
Let b(c) = -c**3 - 138*c**2 - 2066*c - 151. Give b(-17).
2
Let u(a) = 9*a**2 - 10026*a + 264147. Determine u(1087).
6
Let w(o) = 3*o**3 + 1503*o**2 + 9030*o + 4. Give w(-6).
-716
Let q(t) = 34*t**2 - 28*t - 4192. What is q(0)?
-4192
Let m(f) = 514*f + 7969. What is m(-16)?
-255
Let h(z) = -895*z - 16862. Calculate h(-19).
143
Let r(q) = 32*q**3 + 9*q**2 + 59*q + 157. Give r(-4).
-1983
Let j(v) = -58814*v + 1587961. Determine j(27).
-17
Let v(f) = -120*f + 9435. Calculate v(81).
-285
Let y(n) = -138*n**2 + 2268*n + 1523. Give y(17).
197
Let d(l) = 60*l**2 - 23049*l + 26413. What is d(383)?
-14
Let r(z) = 167586*z - 1508253. What is r(9)?
21
Let p(k) = -15*k**3 - 467*k**2 - 44*k + 584. Calculate p(-31).
26
Let v(t) = -3914*t - 125248. Give v(-32).
0
Let r(i) = -302235*i - 1208950. Determine r(-4).
-10
Let l(t) = 22*t**2 + 3546*t + 706. Give l(-161).
62
Let h(y) = 34*y**2 + 360*y + 226. Give h(-11).
380
Let h(r) = -81*r**2 + 6237*r + 20. Give h(77).
20
Let z(m) = 37*m**2 + 2659*m + 28075. What is z(-59)?
-9
Let p(l) = 21*l**2 - 5718*l + 7398. What is p(271)?
81
Let o(j) = j**3 + 796*j**2 + 21486*j - 13816. Determine o(-768).
8
Let z(j) = -j**3 + 171*j**2 - 1080*j + 184673. Calculate z(171).
-7
Let j(x) = 3224*x - 46734. Determine j(15).
1626
Let f(j) = -2*j**3 + 117*j**2 - 78*j + 15537. Calculate f(60).
57
Let s(z) = -20*z + 1360. Calculate s(66).
40
Let f(a) = 4400*a - 4267. Give f(1).
133
Let h(u) = u**3 - 298*u**2 - 2174*u + 50544. What is h(10)?
4
Let z(y) = 9*y**2 + 229501*y + 229499. What is z(-1)?
7
Let v(g) = -1788*g + 894004. Determine v(500).
4
Let q(w) = 3*w**3 + 253*w**2 - 97*w + 6596. Calculate q(-85).
391
Let i(c) = -7*c**2 - 19*c + 4591. Calculate i(-27).
1
Let l(c) = -2*c**2 - 2333*c - 81461. Determine l(-36).
-65
Let l(m) = -2460*m + 587942. Calculate l(239).
2
Let l(g) = -g**3 - 9*g**2 + 6166*g + 55530. Determine l(-9).
36
Let t(q) = -417*q**2 - 40450*q - 85. Give t(-97).
12
Let q(n) = -n**3 - 129*n**2 - 469*n + 4018. Determine q(-125).
143
Let v(n) = 6252*n - 43774. Calculate v(7).
-10
Let a(o) = 88*o**2 - 314*o - 1371. Give a(6).
-87
Let i(g) = -26*g**2 - 8097*g + 8096. Calculate i(1).
-27
Let w(g) = -1428*g + 7889. Calculate w(5).
749
Let c(w) = -3767*w - 94087. What is c(-25)?
88
Let f(p) = 201006*p - 1407043. Determine f(7).
-1
Let n(o) = -2426*o + 155483. Determine n(64).
219
Let t(u) = -u**3 + 464*u**2 - 53684*u + 973. What is t(244)?
-3
Let y(v) = -v**3 + 33*v**2 + 120*v + 254. Determine y(37).
-782
Let q(v) = 22*v**2 + 69*v - 156. Determine q(-12).
2184
Let u(a) = -41858*a - 6194957. Calculate u(-148).
27
Let z(w) = 193*w + 30410. Calculate z(-160).
-470
Let w(f) = 3*f**2 - 440*f - 3033. What is w(138)?
-6621
Let k(u) = 13493*u + 121752. Determine k(-9).
315
Let s(x) = -x**3 + 509*x**2 - 21700*x - 657. What is s(47)?
1
Let s(f) = 1783*f + 98078. Give s(-55).
13
Let j(f) = -4*f**3 + 70*f**2 - 249*f - 3. Determine j(5).
2
Let n(a) = -23*a**2 - 1714*a + 7096. Calculate n(4).
-128
Let n(y) = -638*y - 2978. Give n(-5).
212
Let j(t) = -67*t**2 + 1843*t + 833. Give j(28).
-91
Let w(f) = -6*f**3 - 940*